{"id":64,"date":"2013-04-09T14:56:07","date_gmt":"2013-04-09T12:56:07","guid":{"rendered":"http:\/\/www.einband.ch\/?page_id=64"},"modified":"2023-04-09T12:01:53","modified_gmt":"2023-04-09T10:01:53","slug":"buchvorstellung-wer-gut-spricht-kommt-weiter","status":"publish","type":"page","link":"https:\/\/einband.ch\/?page_id=64","title":{"rendered":"Wer gut spricht, kommt weiter"},"content":{"rendered":"<p><div class=\"fusion-fullwidth fullwidth-box fusion-builder-row-1 fusion-flex-container has-pattern-background has-mask-background nonhundred-percent-fullwidth non-hundred-percent-height-scrolling\" style=\"--awb-background-position:center bottom;--awb-border-radius-top-left:0px;--awb-border-radius-top-right:0px;--awb-border-radius-bottom-right:0px;--awb-border-radius-bottom-left:0px;--awb-background-size:contain;--awb-flex-wrap:wrap;\" ><div class=\"fusion-builder-row fusion-row fusion-flex-align-items-flex-start fusion-flex-content-wrap\" style=\"max-width:1040px;margin-left: calc(-4% \/ 2 );margin-right: calc(-4% \/ 2 );\"><div class=\"fusion-layout-column fusion_builder_column fusion-builder-column-0 fusion_builder_column_1_1 1_1 fusion-flex-column\" style=\"--awb-bg-size:cover;--awb-width-large:100%;--awb-margin-top-large:0px;--awb-spacing-right-large:1.92%;--awb-margin-bottom-large:0px;--awb-spacing-left-large:1.92%;--awb-width-medium:100%;--awb-spacing-right-medium:1.92%;--awb-spacing-left-medium:1.92%;--awb-width-small:100%;--awb-spacing-right-small:1.92%;--awb-spacing-left-small:1.92%;\"><div class=\"fusion-column-wrapper fusion-flex-justify-content-flex-start fusion-content-layout-column\"><div class=\"fusion-title title fusion-title-1 fusion-sep-none fusion-title-text fusion-title-size-one\" style=\"--awb-margin-top-small:10px;--awb-margin-right-small:0px;--awb-margin-bottom-small:10px;--awb-margin-left-small:0px;\"><h1 class=\"fusion-title-heading title-heading-left\" style=\"margin:0;\">Wer gut spricht, kommt weiter<\/h1><\/div><div class=\"fusion-text fusion-text-1\"><p>Cornelia Lindner, Fachbuch, ISBN 978-3-033-03860-8<\/p>\n<\/div><\/div><\/div><\/div><\/div><div class=\"fusion-fullwidth fullwidth-box fusion-builder-row-2 fusion-flex-container has-pattern-background has-mask-background nonhundred-percent-fullwidth non-hundred-percent-height-scrolling\" style=\"--awb-border-radius-top-left:0px;--awb-border-radius-top-right:0px;--awb-border-radius-bottom-right:0px;--awb-border-radius-bottom-left:0px;--awb-margin-top:30px;--awb-flex-wrap:wrap;\" ><div class=\"fusion-builder-row fusion-row fusion-flex-align-items-flex-start fusion-flex-content-wrap\" style=\"max-width:1040px;margin-left: calc(-4% \/ 2 );margin-right: calc(-4% \/ 2 );\"><div class=\"fusion-layout-column fusion_builder_column fusion-builder-column-1 fusion_builder_column_1_4 1_4 fusion-flex-column\" style=\"--awb-bg-size:cover;--awb-width-large:25%;--awb-margin-top-large:0px;--awb-spacing-right-large:7.68%;--awb-margin-bottom-large:20px;--awb-spacing-left-large:7.68%;--awb-width-medium:25%;--awb-order-medium:0;--awb-spacing-right-medium:7.68%;--awb-spacing-left-medium:7.68%;--awb-width-small:100%;--awb-order-small:0;--awb-spacing-right-small:1.92%;--awb-spacing-left-small:1.92%;\"><div class=\"fusion-column-wrapper fusion-column-has-shadow fusion-flex-justify-content-flex-start fusion-content-layout-column\"><div class=\"fusion-image-element \" style=\"text-align:left;--awb-caption-title-font-family:var(--h2_typography-font-family);--awb-caption-title-font-weight:var(--h2_typography-font-weight);--awb-caption-title-font-style:var(--h2_typography-font-style);--awb-caption-title-size:var(--h2_typography-font-size);--awb-caption-title-transform:var(--h2_typography-text-transform);--awb-caption-title-line-height:var(--h2_typography-line-height);--awb-caption-title-letter-spacing:var(--h2_typography-letter-spacing);\"><span class=\" fusion-imageframe imageframe-dropshadow imageframe-1 hover-type-none\" style=\"-webkit-box-shadow: 3px 3px 7px var(--awb-color7);box-shadow: 3px 3px 7px var(--awb-color7);\"><img decoding=\"async\" width=\"196\" height=\"300\" alt=\"Wer gut spricht, kommt weiter.\" title=\"Wer gut spricht, kommt weiter\" src=\"http:\/\/www.einband.ch\/wp-content\/uploads\/2013\/04\/Cover-front-bildschirm-196x300.jpg\" class=\"img-responsive wp-image-50\" srcset=\"https:\/\/einband.ch\/wp-content\/uploads\/2013\/04\/Cover-front-bildschirm-196x300.jpg 196w, https:\/\/einband.ch\/wp-content\/uploads\/2013\/04\/Cover-front-bildschirm-461x705.jpg 461w, https:\/\/einband.ch\/wp-content\/uploads\/2013\/04\/Cover-front-bildschirm.jpg 487w\" sizes=\"(max-width: 196px) 100vw, 196px\" \/><\/span><\/div><\/div><\/div><div class=\"fusion-layout-column fusion_builder_column fusion-builder-column-2 fusion_builder_column_2_3 2_3 fusion-flex-column\" style=\"--awb-bg-size:cover;--awb-width-large:66.666666666667%;--awb-margin-top-large:0px;--awb-spacing-right-large:2.88%;--awb-margin-bottom-large:20px;--awb-spacing-left-large:2.88%;--awb-width-medium:66.666666666667%;--awb-order-medium:0;--awb-spacing-right-medium:2.88%;--awb-spacing-left-medium:2.88%;--awb-width-small:100%;--awb-order-small:0;--awb-spacing-right-small:1.92%;--awb-spacing-left-small:1.92%;\"><div class=\"fusion-column-wrapper fusion-column-has-shadow fusion-flex-justify-content-flex-start fusion-content-layout-column\"><div class=\"fusion-text fusion-text-2\"><p>Von der Idee \u00fcber den Text bis zur Rede vor Publikum oder Kamera: Cornelia Lindner&#8217;s umfassender Ratgeber f\u00fcr professionelles Sprechen enth\u00e4lt neben leicht zu lesender Theorie viele Tipps aus der Praxis.<\/p>\n<p>Das Buch hilft allen, die vor Publikum auftreten wollen. Dabei spannt die Autorin einen umfassenden Bogen zum Thema Rede und Auftritt: von der Atmung, \u00fcber die korrekte K\u00f6rperhaltung bis zum richtigen Outfit; von der richtigen Wortwahl bis zur gekonnten Betonung ganzer S\u00e4tze.<\/p>\n<p>F\u00fcr einen gelungenen Auftritt braucht es eben mehr, als ein paar markante S\u00e4tze auf einem Spickzettel.<\/p>\n<p>Mit vielen Tipps, Tricks und \u00dcbungen aus den Erfahrungssch\u00e4tzen von Cornelia Lindner wird alles rund um die eigene Pr\u00e4sentation erkl\u00e4rt. Ihre Ratschl\u00e4ge f\u00fcr den passenden Umgang mit Stress- und Extremsituationen wie Lampenfieber sind gesch\u00e4tzte Hilfestellungen, damit der Auftritt kontrollierbar und damit erfolgreich wird.<\/p>\n<p>Lernen Sie dieses Buch nicht nur als einen Ratgeber, sondern vielmehr als einen Begleiter kennen, der in jeder Auftrittsituation helfen kann. Ein Buch, in dem es um die Grunds\u00e4tze der Sprache, des guten Sprechens und Auftretens geht.<\/p>\n<p>In den vier Kapiteln werden der verbale und der nonverbale Ausdruck, der Inhalt und die Form erl\u00e4utert. Dazu zeigt die Autorin wie mit Atem- und Stimm\u00fcbungen Lampenfieber abgebaut oder die Stimme gelockert wird.\u00a0N\u00fctzliche Tipps zu K\u00f6rperhaltung, Mimik und Gestik zeigen, wie Sie Ihr Gegen\u00fcber richtig einsch\u00e4tzen oder wie Sie bewusst auf andere wirken k\u00f6nnen.<\/p>\n<p>Selbst die Erstellung eines passenden Textes ist mit diesem n\u00fctzlichen Ratgeber keine Unm\u00f6glichkeit mehr. Die Erkl\u00e4rungen reichen von der\u00a0Stofffindung zu\u00a0Textaufbau und Textsorten, vom Stil bis zur endg\u00fcltigen Formulierung.\u00a0Auch Tipps f\u00fcr die eigene Pr\u00e4sentationstechnik geh\u00f6ren zum Inhalt des Fachbuchs.<\/p>\n<p>Und nicht zuletzt wird auf Fettn\u00e4pfchen und Stolpersteine hingewiesen und wie diese galant umgangen werden k\u00f6nnen.<\/p>\n<p>Eines ist sicher: wer gut spricht und \u00fcberzeugt, kommt weiter!<\/p>\n<p>Paperback, 296 Seiten,\u00a0Fr. 41.50 (Preisempfehlung)<\/p>\n<p><strong><a href=\"mailto:kontakt@einband.ch\" target=\"_blank\" rel=\"noopener\">Direkt beim Verlag bestellen<\/a><\/strong><\/p>\n<\/div><\/div><\/div><\/div><\/div><div class=\"fusion-fullwidth fullwidth-box fusion-builder-row-3 fusion-flex-container has-pattern-background has-mask-background nonhundred-percent-fullwidth non-hundred-percent-height-scrolling\" style=\"--awb-border-radius-top-left:0px;--awb-border-radius-top-right:0px;--awb-border-radius-bottom-right:0px;--awb-border-radius-bottom-left:0px;--awb-flex-wrap:wrap;\" ><div class=\"fusion-builder-row fusion-row fusion-flex-align-items-flex-start fusion-flex-content-wrap\" style=\"max-width:1040px;margin-left: calc(-4% \/ 2 );margin-right: calc(-4% \/ 2 );\"><div class=\"fusion-layout-column fusion_builder_column fusion-builder-column-3 fusion_builder_column_1_1 1_1 fusion-flex-column\" style=\"--awb-bg-size:cover;--awb-width-large:100%;--awb-margin-top-large:0px;--awb-spacing-right-large:1.92%;--awb-margin-bottom-large:20px;--awb-spacing-left-large:1.92%;--awb-width-medium:100%;--awb-order-medium:0;--awb-spacing-right-medium:1.92%;--awb-spacing-left-medium:1.92%;--awb-width-small:100%;--awb-order-small:0;--awb-spacing-right-small:1.92%;--awb-spacing-left-small:1.92%;\"><div class=\"fusion-column-wrapper fusion-column-has-shadow fusion-flex-justify-content-flex-start fusion-content-layout-column\"><div class=\"fusion-text fusion-text-3\" style=\"--awb-margin-top:50px;--awb-margin-right:50px;\"><p style=\"text-align: right;\"><a href=\"https:\/\/www.einband.ch\/\">Zur\u00fcck &#8230;<\/a><\/p>\n<\/div><\/div><\/div><\/div><\/div><\/p>\n","protected":false},"excerpt":{"rendered":"","protected":false},"author":9,"featured_media":0,"parent":66,"menu_order":2020,"comment_status":"closed","ping_status":"closed","template":"","meta":{"_bbp_topic_count":0,"_bbp_reply_count":0,"_bbp_total_topic_count":0,"_bbp_total_reply_count":0,"_bbp_voice_count":0,"_bbp_anonymous_reply_count":0,"_bbp_topic_count_hidden":0,"_bbp_reply_count_hidden":0,"_bbp_forum_subforum_count":0,"footnotes":""},"class_list":["post-64","page","type-page","status-publish","hentry"],"_links":{"self":[{"href":"https:\/\/einband.ch\/index.php?rest_route=\/wp\/v2\/pages\/64","targetHints":{"allow":["GET"]}}],"collection":[{"href":"https:\/\/einband.ch\/index.php?rest_route=\/wp\/v2\/pages"}],"about":[{"href":"https:\/\/einband.ch\/index.php?rest_route=\/wp\/v2\/types\/page"}],"author":[{"embeddable":true,"href":"https:\/\/einband.ch\/index.php?rest_route=\/wp\/v2\/users\/9"}],"replies":[{"embeddable":true,"href":"https:\/\/einband.ch\/index.php?rest_route=%2Fwp%2Fv2%2Fcomments&post=64"}],"version-history":[{"count":0,"href":"https:\/\/einband.ch\/index.php?rest_route=\/wp\/v2\/pages\/64\/revisions"}],"up":[{"embeddable":true,"href":"https:\/\/einband.ch\/index.php?rest_route=\/wp\/v2\/pages\/66"}],"wp:attachment":[{"href":"https:\/\/einband.ch\/index.php?rest_route=%2Fwp%2Fv2%2Fmedia&parent=64"}],"curies":[{"name":"wp","href":"https:\/\/api.w.org\/{rel}","templated":true}]}}